{"id":1227,"date":"2024-02-22T08:01:48","date_gmt":"2024-02-22T07:01:48","guid":{"rendered":"https:\/\/unsoirunauteur.com\/?page_id=1227"},"modified":"2024-11-25T19:04:16","modified_gmt":"2024-11-25T18:04:16","slug":"programmes-2024","status":"publish","type":"page","link":"http:\/\/unsoirunauteur.com\/index.php\/programmes-2024\/","title":{"rendered":"Programmes 2024"},"content":{"rendered":"<p>[et_pb_section fb_built=\u00a0\u00bb1&Prime; admin_label=\u00a0\u00bbIMAGE DE FOND\u00a0\u00bb _builder_version=\u00a0\u00bb4.16&Prime; background_image=\u00a0\u00bbhttp:\/\/unsoirunauteur.com\/wp-content\/uploads\/2019\/03\/salon_mathilde.jpg\u00a0\u00bb parallax=\u00a0\u00bbon\u00a0\u00bb custom_padding=\u00a0\u00bb0px|||||\u00a0\u00bb global_colors_info=\u00a0\u00bb{}\u00a0\u00bb][et_pb_row _builder_version=\u00a0\u00bb4.16&Prime; global_colors_info=\u00a0\u00bb{}\u00a0\u00bb][et_pb_column type=\u00a0\u00bb4_4&Prime; _builder_version=\u00a0\u00bb4.16&Prime; global_colors_info=\u00a0\u00bb{}\u00a0\u00bb][et_pb_text _builder_version=\u00a0\u00bb4.24.2&Prime; _module_preset=\u00a0\u00bbdefault\u00a0\u00bb background_color=\u00a0\u00bb#e02b20&Prime; custom_margin=\u00a0\u00bb|1px|-6px|17px|false|false\u00a0\u00bb custom_padding=\u00a0\u00bb|16px|9px|3px|false|false\u00a0\u00bb border_radii=\u00a0\u00bbon|20px|20px|20px|20px\u00a0\u00bb box_shadow_style=\u00a0\u00bbpreset2&Prime; global_colors_info=\u00a0\u00bb{}\u00a0\u00bb]<\/p>\n<h2 style=\"text-align: center;\"><strong><span color=\"#ffffff\" style=\"color: #ffffff;\">Programme 2024<\/span><\/strong><\/h2>\n<p>[\/et_pb_text][\/et_pb_column][\/et_pb_row][et_pb_row _builder_version=\u00a0\u00bb4.16&Prime; _module_preset=\u00a0\u00bbdefault\u00a0\u00bb background_color=\u00a0\u00bb#000000&Prime; global_colors_info=\u00a0\u00bb{}\u00a0\u00bb][et_pb_column type=\u00a0\u00bb4_4&Prime; _builder_version=\u00a0\u00bb4.16&Prime; _module_preset=\u00a0\u00bbdefault\u00a0\u00bb global_colors_info=\u00a0\u00bb{}\u00a0\u00bb][et_pb_image src=\u00a0\u00bbhttp:\/\/unsoirunauteur.com\/wp-content\/uploads\/2024\/11\/Flyer-recto.jpg\u00a0\u00bb title_text=\u00a0\u00bbFlyer recto\u00a0\u00bb align=\u00a0\u00bbcenter\u00a0\u00bb _builder_version=\u00a0\u00bb4.24.2&Prime; _module_preset=\u00a0\u00bbdefault\u00a0\u00bb background_color=\u00a0\u00bb#000000&Prime; hover_enabled=\u00a0\u00bb0&Prime; global_colors_info=\u00a0\u00bb{}\u00a0\u00bb sticky_enabled=\u00a0\u00bb0&Prime;][\/et_pb_image][et_pb_image src=\u00a0\u00bbhttp:\/\/unsoirunauteur.com\/wp-content\/uploads\/2024\/11\/Flyer-verso.jpg\u00a0\u00bb title_text=\u00a0\u00bbFlyer verso\u00a0\u00bb align=\u00a0\u00bbcenter\u00a0\u00bb _builder_version=\u00a0\u00bb4.24.2&Prime; _module_preset=\u00a0\u00bbdefault\u00a0\u00bb background_color=\u00a0\u00bb#000000&Prime; hover_enabled=\u00a0\u00bb0&Prime; global_colors_info=\u00a0\u00bb{}\u00a0\u00bb sticky_enabled=\u00a0\u00bb0&Prime;][\/et_pb_image][et_pb_code _builder_version=\u00a0\u00bb4.24.2&Prime; _module_preset=\u00a0\u00bbdefault\u00a0\u00bb hover_enabled=\u00a0\u00bb0&Prime; sticky_enabled=\u00a0\u00bb0&Prime;]<iframe id=\"haWidget\" allowtransparency=\"true\" scrolling=\"auto\" src=\"https:\/\/www.helloasso.com\/associations\/un-soir-un-auteur\/evenements\/cet-amour-qui-manque-a-tout-amour\/widget\" style=\"width: 100%; height: 750px; border: none;\"><\/iframe>[\/et_pb_code][et_pb_image src=\u00a0\u00bbhttp:\/\/unsoirunauteur.com\/wp-content\/uploads\/2024\/10\/Flyer-1-4.jpg\u00a0\u00bb title_text=\u00a0\u00bbFlyer 1 (4)\u00a0\u00bb align=\u00a0\u00bbcenter\u00a0\u00bb _builder_version=\u00a0\u00bb4.24.2&Prime; _module_preset=\u00a0\u00bbdefault\u00a0\u00bb background_color=\u00a0\u00bb#000000&Prime; global_colors_info=\u00a0\u00bb{}\u00a0\u00bb][\/et_pb_image][et_pb_code _builder_version=\u00a0\u00bb4.24.2&Prime; _module_preset=\u00a0\u00bbdefault\u00a0\u00bb global_colors_info=\u00a0\u00bb{}\u00a0\u00bb]<iframe id=\"haWidget\" allowtransparency=\"true\" src=\"https:\/\/www.helloasso.com\/associations\/un-soir-un-auteur\/evenements\/un-soir-un-auteur-recoit-le-dr-patrick-lemoine-a-quoi-servent-les-symptomes\/widget-bouton\" style=\"width: 100%; height: 70px; border: none;\"><\/iframe>[\/et_pb_code][et_pb_image src=\u00a0\u00bbhttp:\/\/unsoirunauteur.com\/wp-content\/uploads\/2024\/09\/Flyer-300.jpg\u00a0\u00bb title_text=\u00a0\u00bbFlyer-300&Prime; align=\u00a0\u00bbcenter\u00a0\u00bb _builder_version=\u00a0\u00bb4.24.2&Prime; _module_preset=\u00a0\u00bbdefault\u00a0\u00bb background_color=\u00a0\u00bb#000000&Prime; global_colors_info=\u00a0\u00bb{}\u00a0\u00bb][\/et_pb_image][et_pb_image src=\u00a0\u00bbhttp:\/\/unsoirunauteur.com\/wp-content\/uploads\/2024\/06\/Flyer-1-1.jpg\u00a0\u00bb title_text=\u00a0\u00bbFlyer 1 (1)\u00a0\u00bb align=\u00a0\u00bbcenter\u00a0\u00bb _builder_version=\u00a0\u00bb4.24.2&Prime; _module_preset=\u00a0\u00bbdefault\u00a0\u00bb background_color=\u00a0\u00bb#000000&Prime; global_colors_info=\u00a0\u00bb{}\u00a0\u00bb][\/et_pb_image][et_pb_code _builder_version=\u00a0\u00bb4.24.2&Prime; _module_preset=\u00a0\u00bbdefault\u00a0\u00bb global_colors_info=\u00a0\u00bb{}\u00a0\u00bb]<iframe id=\"haWidget\" allowtransparency=\"true\" src=\"https:\/\/www.helloasso.com\/associations\/un-soir-un-auteur\/evenements\/un-soir-un-auteur-recoit-alice-henschel\/widget-bouton\" style=\"width: 100%; height: 70px; border: none;\"><\/iframe>[\/et_pb_code][et_pb_image src=\u00a0\u00bbhttp:\/\/unsoirunauteur.com\/wp-content\/uploads\/2024\/05\/Flyer-1.jpg\u00a0\u00bb title_text=\u00a0\u00bbFlyer 1&Prime; align=\u00a0\u00bbcenter\u00a0\u00bb _builder_version=\u00a0\u00bb4.24.2&Prime; _module_preset=\u00a0\u00bbdefault\u00a0\u00bb background_color=\u00a0\u00bb#000000&Prime; global_colors_info=\u00a0\u00bb{}\u00a0\u00bb][\/et_pb_image][et_pb_code _builder_version=\u00a0\u00bb4.24.2&Prime; _module_preset=\u00a0\u00bbdefault\u00a0\u00bb link_option_url=\u00a0\u00bbhttps:\/\/www.helloasso.com\/associations\/un-soir-un-auteur\/evenements\/un-soir-un-auteur-recoit-le-philosophe-alexandre-lacroix-la-danse\u00a0\u00bb global_colors_info=\u00a0\u00bb{}\u00a0\u00bb][\/et_pb_code][et_pb_image src=\u00a0\u00bbhttp:\/\/unsoirunauteur.com\/wp-content\/uploads\/2024\/04\/Flyer-1-5.jpg\u00a0\u00bb title_text=\u00a0\u00bbFlyer 1 (5)\u00a0\u00bb align=\u00a0\u00bbcenter\u00a0\u00bb _builder_version=\u00a0\u00bb4.24.2&Prime; _module_preset=\u00a0\u00bbdefault\u00a0\u00bb background_color=\u00a0\u00bb#000000&Prime; global_colors_info=\u00a0\u00bb{}\u00a0\u00bb][\/et_pb_image][et_pb_image src=\u00a0\u00bbhttp:\/\/unsoirunauteur.com\/wp-content\/uploads\/2024\/02\/Flyer-1-1.jpg\u00a0\u00bb title_text=\u00a0\u00bbFlyer 1 (1)\u00a0\u00bb align=\u00a0\u00bbcenter\u00a0\u00bb _builder_version=\u00a0\u00bb4.24.2&Prime; _module_preset=\u00a0\u00bbdefault\u00a0\u00bb background_color=\u00a0\u00bb#000000&Prime; global_colors_info=\u00a0\u00bb{}\u00a0\u00bb][\/et_pb_image][et_pb_text _builder_version=\u00a0\u00bb4.16&Prime; _module_preset=\u00a0\u00bbdefault\u00a0\u00bb global_colors_info=\u00a0\u00bb{}\u00a0\u00bb]<\/p>\n<h3 style=\"text-align: center;\"><span style=\"color: #000000;\"><strong>Pour vous inscrire \u00e0 la soir\u00e9e du 4 d\u00e9cembre 2023, veuillez remplir le formulaire.<\/strong><\/span><\/h3>\n<p>[\/et_pb_text][\/et_pb_column][\/et_pb_row][et_pb_row _builder_version=\u00a0\u00bb4.16&Prime; _module_preset=\u00a0\u00bbdefault\u00a0\u00bb global_colors_info=\u00a0\u00bb{}\u00a0\u00bb][et_pb_column type=\u00a0\u00bb4_4&Prime; _builder_version=\u00a0\u00bb4.16&Prime; _module_preset=\u00a0\u00bbdefault\u00a0\u00bb global_colors_info=\u00a0\u00bb{}\u00a0\u00bb][\/et_pb_column][\/et_pb_row][et_pb_row column_structure=\u00a0\u00bb1_3,1_3,1_3&Prime; _builder_version=\u00a0\u00bb4.16&Prime; global_colors_info=\u00a0\u00bb{}\u00a0\u00bb][et_pb_column type=\u00a0\u00bb1_3&Prime; _builder_version=\u00a0\u00bb4.16&Prime; global_colors_info=\u00a0\u00bb{}\u00a0\u00bb][et_pb_image src=\u00a0\u00bbhttp:\/\/unsoirunauteur.com\/wp-content\/uploads\/2020\/11\/imca.png\u00a0\u00bb title_text=\u00a0\u00bbimca\u00a0\u00bb url=\u00a0\u00bbhttps:\/\/imca-provence.com\/\u00a0\u00bb url_new_window=\u00a0\u00bbon\u00a0\u00bb admin_label=\u00a0\u00bbIMCA\u00a0\u00bb _builder_version=\u00a0\u00bb4.16&Prime; global_colors_info=\u00a0\u00bb{}\u00a0\u00bb][\/et_pb_image][et_pb_image src=\u00a0\u00bbhttp:\/\/unsoirunauteur.com\/wp-content\/uploads\/2020\/11\/logo-guillaume.jpg\u00a0\u00bb title_text=\u00a0\u00bblogo-guillaume\u00a0\u00bb url=\u00a0\u00bbhttps:\/\/photo-avignon.com\/\u00a0\u00bb url_new_window=\u00a0\u00bbon\u00a0\u00bb admin_label=\u00a0\u00bbSAMAMA GUILLAUME\u00a0\u00bb _builder_version=\u00a0\u00bb4.16&Prime; global_colors_info=\u00a0\u00bb{}\u00a0\u00bb][\/et_pb_image][\/et_pb_column][et_pb_column type=\u00a0\u00bb1_3&Prime; _builder_version=\u00a0\u00bb4.16&Prime; global_colors_info=\u00a0\u00bb{}\u00a0\u00bb][et_pb_image src=\u00a0\u00bbhttp:\/\/unsoirunauteur.com\/wp-content\/uploads\/2020\/11\/logo-region-sud.jpg\u00a0\u00bb title_text=\u00a0\u00bblogo-region-sud\u00a0\u00bb align=\u00a0\u00bbcenter\u00a0\u00bb _builder_version=\u00a0\u00bb4.24.2&Prime; _module_preset=\u00a0\u00bbdefault\u00a0\u00bb width=\u00a0\u00bb82%\u00a0\u00bb global_colors_info=\u00a0\u00bb{}\u00a0\u00bb][\/et_pb_image][et_pb_image src=\u00a0\u00bbhttp:\/\/unsoirunauteur.com\/wp-content\/uploads\/2022\/09\/MBronzini-Provence-logo-01.jpg\u00a0\u00bb title_text=\u00a0\u00bbMBronzini-Provence-logo-01&Prime; url=\u00a0\u00bbhttps:\/\/www.aucoeurdavignon.com\/bar-a-vin\/\u00a0\u00bb url_new_window=\u00a0\u00bbon\u00a0\u00bb align=\u00a0\u00bbcenter\u00a0\u00bb admin_label=\u00a0\u00bbAU COEUR D AVIGNON\u00a0\u00bb _builder_version=\u00a0\u00bb4.24.2&Prime; width=\u00a0\u00bb82%\u00a0\u00bb global_colors_info=\u00a0\u00bb{}\u00a0\u00bb][\/et_pb_image][\/et_pb_column][et_pb_column type=\u00a0\u00bb1_3&Prime; _builder_version=\u00a0\u00bb4.24.2&Prime; _module_preset=\u00a0\u00bbdefault\u00a0\u00bb global_colors_info=\u00a0\u00bb{}\u00a0\u00bb][et_pb_image src=\u00a0\u00bbhttp:\/\/unsoirunauteur.com\/wp-content\/uploads\/2020\/11\/logo-librairie.jpg\u00a0\u00bb title_text=\u00a0\u00bblogo-librairie\u00a0\u00bb url=\u00a0\u00bbhttps:\/\/www.lamemoiredumonde.fr\/\u00a0\u00bb url_new_window=\u00a0\u00bbon\u00a0\u00bb admin_label=\u00a0\u00bbLIBRAIRIE LA MEMOIRE\u00a0\u00bb _builder_version=\u00a0\u00bb4.16&Prime; global_colors_info=\u00a0\u00bb{}\u00a0\u00bb][\/et_pb_image][et_pb_image src=\u00a0\u00bbhttp:\/\/unsoirunauteur.com\/wp-content\/uploads\/2023\/04\/LOGO_CM_FONDATION_POUR_LA_LECTURE_BASELIGNE_QUADRI-scaled.jpg\u00a0\u00bb title_text=\u00a0\u00bbLOGO_CM_FONDATION_POUR_LA_LECTURE_BASELIGNE_QUADRI\u00a0\u00bb _builder_version=\u00a0\u00bb4.24.2&Prime; _module_preset=\u00a0\u00bbdefault\u00a0\u00bb global_colors_info=\u00a0\u00bb{}\u00a0\u00bb][\/et_pb_image][\/et_pb_column][\/et_pb_row][\/et_pb_section]<\/p>\n","protected":false},"excerpt":{"rendered":"<p>Programme 2024Pour vous inscrire \u00e0 la soir\u00e9e du 4 d\u00e9cembre 2023, veuillez remplir le formulaire.<\/p>\n","protected":false},"author":2,"featured_media":0,"parent":0,"menu_order":0,"comment_status":"closed","ping_status":"closed","template":"","meta":{"_et_pb_use_builder":"on","_et_pb_old_content":"","_et_gb_content_width":"","footnotes":""},"_links":{"self":[{"href":"http:\/\/unsoirunauteur.com\/index.php\/wp-json\/wp\/v2\/pages\/1227"}],"collection":[{"href":"http:\/\/unsoirunauteur.com\/index.php\/wp-json\/wp\/v2\/pages"}],"about":[{"href":"http:\/\/unsoirunauteur.com\/index.php\/wp-json\/wp\/v2\/types\/page"}],"author":[{"embeddable":true,"href":"http:\/\/unsoirunauteur.com\/index.php\/wp-json\/wp\/v2\/users\/2"}],"replies":[{"embeddable":true,"href":"http:\/\/unsoirunauteur.com\/index.php\/wp-json\/wp\/v2\/comments?post=1227"}],"version-history":[{"count":18,"href":"http:\/\/unsoirunauteur.com\/index.php\/wp-json\/wp\/v2\/pages\/1227\/revisions"}],"predecessor-version":[{"id":1293,"href":"http:\/\/unsoirunauteur.com\/index.php\/wp-json\/wp\/v2\/pages\/1227\/revisions\/1293"}],"wp:attachment":[{"href":"http:\/\/unsoirunauteur.com\/index.php\/wp-json\/wp\/v2\/media?parent=1227"}],"curies":[{"name":"wp","href":"https:\/\/api.w.org\/{rel}","templated":true}]}}