{"id":160,"date":"2019-09-16T10:07:11","date_gmt":"2019-09-16T08:07:11","guid":{"rendered":"http:\/\/unsoirunauteur.com\/?page_id=160"},"modified":"2025-12-03T08:34:33","modified_gmt":"2025-12-03T07:34:33","slug":"adherer","status":"publish","type":"page","link":"https:\/\/unsoirunauteur.com\/index.php\/adherer\/","title":{"rendered":"Adh\u00e9rer"},"content":{"rendered":"<p>[et_pb_section fb_built=\u00a0\u00bb1&Prime; admin_label=\u00a0\u00bbsection\u00a0\u00bb _builder_version=\u00a0\u00bb4.16&Prime; background_image=\u00a0\u00bbhttp:\/\/unsoirunauteur.com\/wp-content\/uploads\/2019\/03\/salon_mathilde-300&#215;189.jpg\u00a0\u00bb global_colors_info=\u00a0\u00bb{}\u00a0\u00bb][et_pb_row admin_label=\u00a0\u00bbTITRE\u00a0\u00bb _builder_version=\u00a0\u00bb4.16&Prime; background_enable_color=\u00a0\u00bboff\u00a0\u00bb background_size=\u00a0\u00bbinitial\u00a0\u00bb background_position=\u00a0\u00bbtop_left\u00a0\u00bb background_repeat=\u00a0\u00bbrepeat\u00a0\u00bb global_colors_info=\u00a0\u00bb{}\u00a0\u00bb][et_pb_column type=\u00a0\u00bb4_4&Prime; _builder_version=\u00a0\u00bb4.16&Prime; custom_padding=\u00a0\u00bb|||\u00a0\u00bb global_colors_info=\u00a0\u00bb{}\u00a0\u00bb custom_padding__hover=\u00a0\u00bb|||\u00a0\u00bb][et_pb_text _builder_version=\u00a0\u00bb4.16&Prime; _module_preset=\u00a0\u00bbdefault\u00a0\u00bb text_font=\u00a0\u00bbArial||||||||\u00a0\u00bb text_text_color=\u00a0\u00bb#ffffff\u00a0\u00bb text_font_size=\u00a0\u00bb22px\u00a0\u00bb background_color=\u00a0\u00bb#000000&Prime; global_colors_info=\u00a0\u00bb{}\u00a0\u00bb]<\/p>\n<h1 style=\"text-align: center;\"><span style=\"color: #ffffff;\"><strong>Adh\u00e9rer \u00e0 l&rsquo;association \u00ab\u00a0un soir un auteur\u00a0\u00bb<\/strong><\/span><\/h1>\n<p>[\/et_pb_text][\/et_pb_column][\/et_pb_row][et_pb_row column_structure=\u00a0\u00bb1_2,1_2&Prime; _builder_version=\u00a0\u00bb4.16&Prime; _module_preset=\u00a0\u00bbdefault\u00a0\u00bb global_colors_info=\u00a0\u00bb{}\u00a0\u00bb][et_pb_column type=\u00a0\u00bb1_2&Prime; _builder_version=\u00a0\u00bb4.16&Prime; _module_preset=\u00a0\u00bbdefault\u00a0\u00bb global_colors_info=\u00a0\u00bb{}\u00a0\u00bb][et_pb_text _builder_version=\u00a0\u00bb4.16&Prime; _module_preset=\u00a0\u00bbdefault\u00a0\u00bb background_color=\u00a0\u00bb#ffffff\u00a0\u00bb custom_margin=\u00a0\u00bb3px||||false|false\u00a0\u00bb custom_padding=\u00a0\u00bb3px|||5px|false|false\u00a0\u00bb border_radii=\u00a0\u00bbon|10px|10px|10px|10px\u00a0\u00bb border_color_all=\u00a0\u00bb#ffffff\u00a0\u00bb global_colors_info=\u00a0\u00bb{}\u00a0\u00bb]<\/p>\n<h2><strong>Adh\u00e9rer \u00e0 \u00ab\u00a0<em>Un soir, un auteur\u00a0\u00bb<br \/> <\/em><br \/> en qualit\u00e9 de bienfaiteur<\/strong><\/h2>\n<p><strong><\/strong><\/p>\n<h4><strong>La personne susnomm\u00e9e, adh\u00e8re \u00e0 \u00ab\u00a0<em>Un soir, un auteur\u00a0\u00bb<\/em> en qualit\u00e9 de bienfaiteur pour la p\u00e9riode <em>\u00a0(janvier \u00e0 d\u00e9cembre )<\/em><\/strong><\/h4>\n<h4><strong><em><br \/> <\/em><\/strong><strong>pour un montant minimal de 500\u20ac (cinq cents) annuels.<br \/> Elle b\u00e9n\u00e9ficie d\u2019un acc\u00e8s libre et privil\u00e9gi\u00e9 aux \u00e9v\u00e9nements et soir\u00e9es culturelles. <\/strong><\/h4>\n<p>Cette adh\u00e9sion implique le respect des statuts et du r\u00e8glement int\u00e9rieur.<br \/> Elle est \u00e0 renvoyer par courrier \u00e0<br \/> Nathalie Brignoli, Association \u00ab\u00a0Un soir, un auteur\u00a0\u00bb,<br \/> 1, rue Campane,<br \/> 84000 Avignon<br \/> (ou par mail <a href=\"mailto:nathaliabrignoli@gmail.com\">nathaliabrignoli@gmail.com<\/a>)<\/p>\n<p>&nbsp;<\/p>\n<h3>Bulletin d&rsquo;adh\u00e9sion de membre bienfaiteur \u00e0 t\u00e9l\u00e9charger<a href=\"http:\/\/unsoirunauteur.com\/wp-content\/uploads\/2019\/09\/bulletin-dadh\u00e9sion-membre-bienfaiteur.pdf\" target=\"_blank\" rel=\"noopener noreferrer\"> ICI<\/a><\/h3>\n<p>[\/et_pb_text][\/et_pb_column][et_pb_column type=\u00a0\u00bb1_2&Prime; _builder_version=\u00a0\u00bb4.16&Prime; _module_preset=\u00a0\u00bbdefault\u00a0\u00bb global_colors_info=\u00a0\u00bb{}\u00a0\u00bb][et_pb_text _builder_version=\u00a0\u00bb4.16&Prime; _module_preset=\u00a0\u00bbdefault\u00a0\u00bb background_color=\u00a0\u00bb#ffffff\u00a0\u00bb custom_margin=\u00a0\u00bb3px|6px||1px|false|false\u00a0\u00bb custom_padding=\u00a0\u00bb|2px||6px|false|false\u00a0\u00bb border_radii=\u00a0\u00bbon|10px|10px|10px|10px\u00a0\u00bb border_width_all=\u00a0\u00bb2px\u00a0\u00bb border_color_all=\u00a0\u00bb#ffffff\u00a0\u00bb global_colors_info=\u00a0\u00bb{}\u00a0\u00bb]<\/p>\n<h2><strong>Adh\u00e9rer \u00e0 l&rsquo;association<\/strong><\/h2>\n<h2><strong> \u00ab\u00a0Un Soir un Auteur\u00a0\u00bb<\/strong><\/h2>\n<h3><strong>La personne susnomm\u00e9e, adh\u00e8re \u00e0 \u00ab\u00a0<em>Un soir, un auteur\u00a0\u00bb<\/em> pour la p\u00e9riode<em> (janvier \u00e0 d\u00e9cembre )<br \/> <\/em>pour un montant de 30 \u20ac (trente euros) annuel. <\/strong><\/h3>\n<p><strong>Elle b\u00e9n\u00e9ficie d\u2019un acc\u00e8s privil\u00e9gi\u00e9 aux \u00e9v\u00e9nements et soir\u00e9es culturelles \u00e0 un prix r\u00e9duit. <\/strong><\/p>\n<p>Cette adh\u00e9sion implique le respect des statuts et du r\u00e8glement int\u00e9rieur.<br \/> Elle est \u00e0 renvoyer par courrier \u00e0<br \/> Nathalie Brignoli,<br \/> Association \u00ab\u00a0Un soir, un auteur\u00a0\u00bb,<br \/> 1, rue Campane, 84000 Avignon<br \/> (ou par mail <a href=\"mailto:nathaliabrignoli@gmail.com\">nathaliabrignoli@gmail.com<\/a>)<\/p>\n<p>&nbsp;<\/p>\n<h3>Le bulletin d&rsquo;adh\u00e9sion \u00e0 t\u00e9l\u00e9charger<a href=\"http:\/\/unsoirunauteur.com\/wp-content\/uploads\/2020\/08\/bulletin-dadh\u00e9sion-membre-bienfaiteur-2020.pdf\" target=\"_blank\" rel=\"noopener noreferrer\"> ICI<\/a> et \u00e0 imprimer<\/h3>\n<p>[\/et_pb_text][\/et_pb_column][\/et_pb_row][et_pb_row _builder_version=\u00a0\u00bb4.16&Prime; _module_preset=\u00a0\u00bbdefault\u00a0\u00bb global_colors_info=\u00a0\u00bb{}\u00a0\u00bb][et_pb_column type=\u00a0\u00bb4_4&Prime; _builder_version=\u00a0\u00bb4.16&Prime; _module_preset=\u00a0\u00bbdefault\u00a0\u00bb global_colors_info=\u00a0\u00bb{}\u00a0\u00bb][et_pb_code _builder_version=\u00a0\u00bb4.16&Prime; _module_preset=\u00a0\u00bbdefault\u00a0\u00bb global_colors_info=\u00a0\u00bb{}\u00a0\u00bb]<iframe id=\"haWidget\" allowtransparency=\"true\" src=\"https:\/\/www.helloasso.com\/associations\/un-soir-un-auteur\/adhesions\/adhesion-2024\/widget-bouton\" style=\"width: 100%; height: 70px; border: none;\"><\/iframe>[\/et_pb_code][\/et_pb_column][\/et_pb_row][et_pb_row _builder_version=\u00a0\u00bb4.16&Prime; _module_preset=\u00a0\u00bbdefault\u00a0\u00bb global_colors_info=\u00a0\u00bb{}\u00a0\u00bb][et_pb_column type=\u00a0\u00bb4_4&Prime; _builder_version=\u00a0\u00bb4.16&Prime; _module_preset=\u00a0\u00bbdefault\u00a0\u00bb global_colors_info=\u00a0\u00bb{}\u00a0\u00bb][et_pb_image src=\u00a0\u00bbhttp:\/\/unsoirunauteur.com\/wp-content\/uploads\/2020\/11\/nathsublime-1030&#215;685.jpg\u00a0\u00bb title_text=\u00a0\u00bbnathsublime\u00a0\u00bb align=\u00a0\u00bbcenter\u00a0\u00bb _builder_version=\u00a0\u00bb4.16&Prime; _module_preset=\u00a0\u00bbdefault\u00a0\u00bb border_radii=\u00a0\u00bbon|5px|5px|5px|5px\u00a0\u00bb border_width_all=\u00a0\u00bb4px\u00a0\u00bb border_color_all=\u00a0\u00bb#ffffff\u00a0\u00bb box_shadow_style=\u00a0\u00bbpreset2&Prime; global_colors_info=\u00a0\u00bb{}\u00a0\u00bb][\/et_pb_image][\/et_pb_column][\/et_pb_row][et_pb_row column_structure=\u00a0\u00bb1_3,1_3,1_3&Prime; _builder_version=\u00a0\u00bb4.16&Prime; global_colors_info=\u00a0\u00bb{}\u00a0\u00bb][et_pb_column type=\u00a0\u00bb1_3&Prime; _builder_version=\u00a0\u00bb4.16&Prime; global_colors_info=\u00a0\u00bb{}\u00a0\u00bb][et_pb_image src=\u00a0\u00bbhttp:\/\/unsoirunauteur.com\/wp-content\/uploads\/2025\/10\/LOGO-UAI-2024-NEW-copie.jpg\u00a0\u00bb title_text=\u00a0\u00bbLOGO UAI 2024 &#8211; NEW copie\u00a0\u00bb url=\u00a0\u00bbhttps:\/\/imca-provence.com\/\u00a0\u00bb url_new_window=\u00a0\u00bbon\u00a0\u00bb admin_label=\u00a0\u00bbIMCA\u00a0\u00bb _builder_version=\u00a0\u00bb4.24.2&Prime; global_colors_info=\u00a0\u00bb{}\u00a0\u00bb][\/et_pb_image][et_pb_image src=\u00a0\u00bbhttp:\/\/unsoirunauteur.com\/wp-content\/uploads\/2025\/12\/cartedevisiteguillaume2025.jpg\u00a0\u00bb title_text=\u00a0\u00bbcartedevisiteguillaume2025&Prime; url=\u00a0\u00bbhttps:\/\/photo-avignon.com\/\u00a0\u00bb url_new_window=\u00a0\u00bbon\u00a0\u00bb admin_label=\u00a0\u00bbSAMAMA GUILLAUME\u00a0\u00bb _builder_version=\u00a0\u00bb4.24.2&Prime; hover_enabled=\u00a0\u00bb0&Prime; global_colors_info=\u00a0\u00bb{}\u00a0\u00bb sticky_enabled=\u00a0\u00bb0&Prime;][\/et_pb_image][\/et_pb_column][et_pb_column type=\u00a0\u00bb1_3&Prime; _builder_version=\u00a0\u00bb4.16&Prime; global_colors_info=\u00a0\u00bb{}\u00a0\u00bb][et_pb_image src=\u00a0\u00bbhttp:\/\/unsoirunauteur.com\/wp-content\/uploads\/2025\/10\/Bronzini-logo-01-copie-scaled.jpg\u00a0\u00bb title_text=\u00a0\u00bbBronzini logo-01 copie\u00a0\u00bb align=\u00a0\u00bbcenter\u00a0\u00bb _builder_version=\u00a0\u00bb4.24.2&Prime; _module_preset=\u00a0\u00bbdefault\u00a0\u00bb width=\u00a0\u00bb82%\u00a0\u00bb global_colors_info=\u00a0\u00bb{}\u00a0\u00bb][\/et_pb_image][et_pb_image src=\u00a0\u00bbhttp:\/\/unsoirunauteur.com\/wp-content\/uploads\/2022\/09\/MBronzini-Provence-logo-01.jpg\u00a0\u00bb title_text=\u00a0\u00bbMBronzini-Provence-logo-01&Prime; url=\u00a0\u00bbhttps:\/\/www.aucoeurdavignon.com\/bar-a-vin\/\u00a0\u00bb url_new_window=\u00a0\u00bbon\u00a0\u00bb align=\u00a0\u00bbcenter\u00a0\u00bb admin_label=\u00a0\u00bbAU COEUR D AVIGNON\u00a0\u00bb _builder_version=\u00a0\u00bb4.24.2&Prime; width=\u00a0\u00bb82%\u00a0\u00bb global_colors_info=\u00a0\u00bb{}\u00a0\u00bb][\/et_pb_image][\/et_pb_column][et_pb_column type=\u00a0\u00bb1_3&Prime; _builder_version=\u00a0\u00bb4.24.2&Prime; _module_preset=\u00a0\u00bbdefault\u00a0\u00bb global_colors_info=\u00a0\u00bb{}\u00a0\u00bb][et_pb_image src=\u00a0\u00bbhttp:\/\/unsoirunauteur.com\/wp-content\/uploads\/2020\/11\/logo-librairie.jpg\u00a0\u00bb title_text=\u00a0\u00bblogo-librairie\u00a0\u00bb url=\u00a0\u00bbhttps:\/\/www.lamemoiredumonde.fr\/\u00a0\u00bb url_new_window=\u00a0\u00bbon\u00a0\u00bb admin_label=\u00a0\u00bbLIBRAIRIE LA MEMOIRE\u00a0\u00bb _builder_version=\u00a0\u00bb4.16&Prime; global_colors_info=\u00a0\u00bb{}\u00a0\u00bb][\/et_pb_image][et_pb_image src=\u00a0\u00bbhttp:\/\/unsoirunauteur.com\/wp-content\/uploads\/2023\/04\/LOGO_CM_FONDATION_POUR_LA_LECTURE_BASELIGNE_QUADRI-scaled.jpg\u00a0\u00bb title_text=\u00a0\u00bbLOGO_CM_FONDATION_POUR_LA_LECTURE_BASELIGNE_QUADRI\u00a0\u00bb _builder_version=\u00a0\u00bb4.24.2&Prime; _module_preset=\u00a0\u00bbdefault\u00a0\u00bb global_colors_info=\u00a0\u00bb{}\u00a0\u00bb][\/et_pb_image][\/et_pb_column][\/et_pb_row][\/et_pb_section]<\/p>\n","protected":false},"excerpt":{"rendered":"<p>Adh\u00e9rer \u00e0 l&rsquo;association \u00ab\u00a0un soir un auteur\u00a0\u00bbAdh\u00e9rer \u00e0 \u00ab\u00a0Un soir, un auteur\u00a0\u00bb en qualit\u00e9 de bienfaiteur La personne susnomm\u00e9e, adh\u00e8re \u00e0 \u00ab\u00a0Un soir, un auteur\u00a0\u00bb en qualit\u00e9 de bienfaiteur pour la p\u00e9riode \u00a0(janvier \u00e0 d\u00e9cembre ) pour un montant minimal de 500\u20ac (cinq cents) annuels. Elle b\u00e9n\u00e9ficie d\u2019un acc\u00e8s libre et privil\u00e9gi\u00e9 aux \u00e9v\u00e9nements et [&hellip;]<\/p>\n","protected":false},"author":2,"featured_media":0,"parent":0,"menu_order":0,"comment_status":"closed","ping_status":"closed","template":"","meta":{"_et_pb_use_builder":"on","_et_pb_old_content":"[av_textblock size='' font_color='' color='']\n<h2 style=\"text-align: center;\"><strong>Adh\u00e9rer \u00e0 l'association \"Un Soir un Auteur\"<\/strong><\/h2>\n<h3 style=\"text-align: center;\"><strong>La personne susnomm\u00e9e, adh\u00e8re \u00e0 \u00ab&nbsp;<em>Un soir, un auteur&nbsp;\u00bb<\/em> pour la p\u00e9riode<em> (janvier \u00e0 d\u00e9cembre )\n<\/em>pour un montant de 30 \u20ac (trente euros) annuel. <\/strong><\/h3>\n<p style=\"text-align: center;\"><strong>Elle b\u00e9n\u00e9ficie d\u2019un acc\u00e8s privil\u00e9gi\u00e9 aux \u00e9v\u00e9nements et soir\u00e9es culturelles \u00e0 un prix r\u00e9duit. <\/strong><\/p>\n<p style=\"text-align: center;\">Cette adh\u00e9sion implique le respect des statuts et du r\u00e8glement int\u00e9rieur.\nElle est \u00e0 renvoyer par courrier \u00e0\nNathalie Brignoli,\nAssociation \u00ab&nbsp;Un soir, un auteur&nbsp;\u00bb,\n1, rue Campane, 84000 Avignon\n(ou par mail <a href=\"mailto:nathaliabrignoli@gmail.com\">nathaliabrignoli@gmail.com<\/a>)<\/p>\n\n<h3 style=\"text-align: center;\">Le bulletin d'adh\u00e9sion \u00e0 t\u00e9l\u00e9charger<a href=\"http:\/\/unsoirunauteur.com\/wp-content\/uploads\/2020\/08\/bulletin-dadh\u00e9sion-membre-bienfaiteur-2020.pdf\" target=\"_blank\" rel=\"noopener noreferrer\"> ICI<\/a> et \u00e0 imprimer<\/h3>\n[\/av_textblock]\n\n[av_one_full first min_height='' vertical_alignment='' space='' custom_margin='' margin='0px' padding='0px' border='' border_color='' radius='0px' background_color='' src='' background_position='top left' background_repeat='no-repeat' animation='' mobile_display='']\n[av_hr class='big' height='50' shadow='no-shadow' position='center' custom_border='av-border-thin' custom_width='50px' custom_border_color='' custom_margin_top='30px' custom_margin_bottom='30px' icon_select='yes' custom_icon_color='' icon='ue808' font='entypo-fontello']\n[\/av_one_full]\n\n[av_textblock size='' font_color='' color='']\n<h2 style=\"text-align: center;\"><strong>Adh\u00e9rer \u00e0 \u00ab&nbsp;<em>Un soir, un auteur&nbsp;\u00bb<\/em>\nen qualit\u00e9 de bienfaiteur <\/strong><\/h2>\n<h4 style=\"text-align: center;\"><strong>La personne susnomm\u00e9e, adh\u00e8re \u00e0 \u00ab&nbsp;<em>Un soir, un auteur&nbsp;\u00bb<\/em> en qualit\u00e9 de bienfaiteur pour la p\u00e9riode <em>&nbsp;(janvier \u00e0 d\u00e9cembre )\n<\/em><\/strong><strong>pour un montant minimal de 500\u20ac (cinq cents) annuels.\nElle b\u00e9n\u00e9ficie d\u2019un acc\u00e8s libre et privil\u00e9gi\u00e9 aux \u00e9v\u00e9nements et soir\u00e9es culturelles. <\/strong><\/h4>\n<p style=\"text-align: center;\">Cette adh\u00e9sion implique le respect des statuts et du r\u00e8glement int\u00e9rieur.\nElle est \u00e0 renvoyer par courrier \u00e0\nNathalie Brignoli, Association \u00ab&nbsp;Un soir, un auteur&nbsp;\u00bb,\n1, rue Campane,\n84000 Avignon\n(ou par mail <a href=\"mailto:nathaliabrignoli@gmail.com\">nathaliabrignoli@gmail.com<\/a>)<\/p>\n\n<h3 style=\"text-align: center;\">Bulletin d'adh\u00e9sion de membre bienfaiteur \u00e0 t\u00e9l\u00e9charger<a href=\"http:\/\/unsoirunauteur.com\/wp-content\/uploads\/2019\/09\/bulletin-dadh\u00e9sion-membre-bienfaiteur.pdf\" target=\"_blank\" rel=\"noopener noreferrer\"> ICI<\/a><\/h3>\n[\/av_textblock]\n\n[av_hr class='default' height='50' shadow='no-shadow' position='center' custom_border='av-border-thin' custom_width='50px' custom_border_color='' custom_margin_top='30px' custom_margin_bottom='30px' icon_select='yes' custom_icon_color='' icon='ue808']","_et_gb_content_width":"","footnotes":""},"_links":{"self":[{"href":"https:\/\/unsoirunauteur.com\/index.php\/wp-json\/wp\/v2\/pages\/160"}],"collection":[{"href":"https:\/\/unsoirunauteur.com\/index.php\/wp-json\/wp\/v2\/pages"}],"about":[{"href":"https:\/\/unsoirunauteur.com\/index.php\/wp-json\/wp\/v2\/types\/page"}],"author":[{"embeddable":true,"href":"https:\/\/unsoirunauteur.com\/index.php\/wp-json\/wp\/v2\/users\/2"}],"replies":[{"embeddable":true,"href":"https:\/\/unsoirunauteur.com\/index.php\/wp-json\/wp\/v2\/comments?post=160"}],"version-history":[{"count":34,"href":"https:\/\/unsoirunauteur.com\/index.php\/wp-json\/wp\/v2\/pages\/160\/revisions"}],"predecessor-version":[{"id":1423,"href":"https:\/\/unsoirunauteur.com\/index.php\/wp-json\/wp\/v2\/pages\/160\/revisions\/1423"}],"wp:attachment":[{"href":"https:\/\/unsoirunauteur.com\/index.php\/wp-json\/wp\/v2\/media?parent=160"}],"curies":[{"name":"wp","href":"https:\/\/api.w.org\/{rel}","templated":true}]}}